te?
True
Is 24226549 prime?
False
Is 157286 prime?
False
Is 1707067 composite?
False
Is 21856187 a prime number?
False
Is 10693945 prime?
False
Is 116517199 composite?
True
Is 136123993 prime?
True
Is 72095617 a prime number?
False
Is 118343 a prime number?
True
Is 14007247 a composite number?
True
Is 144457 a composite number?
True
Is 11254351 a prime number?
False
Is 29636863 a composite number?
False
Is 363677 a prime number?
True
Is 206871721 prime?
False
Is 4074685 a composite number?
True
Is 83718769 a composite number?
True
Is 666459033 prime?
False
Is 227503 a prime number?
False
Is 109702286 a prime number?
False
Is 43180513 a composite number?
False
Is 671497 a composite number?
True
Is 48066989 a composite number?
False
Is 554069 a composite number?
True
Is 8812861 a composite number?
True
Is 459167 composite?
False
Is 19889671 composite?
True
Is 559061407 a prime number?
True
Is 15466769 prime?
True
Is 3492121 a composite number?
True
Is 2197312907 composite?
False
Is 2294821 a composite number?
True
Is 266237 a composite number?
True
Is 64629613 prime?
False
Is 71597683 prime?
True
Is 22718117 composite?
False
Is 254770693 a prime number?
True
Is 1201723931 a prime number?
False
Is 9900181 composite?
False
Is 201779683 prime?
False
Is 39077531 a composite number?
False
Is 104667403 a composite number?
False
Is 30220097 a composite number?
True
Is 11082653 prime?
True
Is 16554854 prime?
False
Is 6974203 composite?
True
Is 1358174738 a prime number?
False
Is 14555869 a prime number?
False
Is 204784837 prime?
True
Is 184141549 a prime number?
False
Is 6780061 prime?
False
Is 139417021 a prime number?
True
Is 1819471 a composite number?
False
Is 1445923 a prime number?
False
Is 41529673 composite?
True
Is 14636651 composite?
True
Is 300659 prime?
False
Is 38994211 a composite number?
False
Is 17043267 prime?
False
Is 5107549 composite?
False
Is 37580407 composite?
True
Is 18739661 prime?
False
Is 440543993 composite?
False
Is 12151187 composite?
True
Is 8710591 composite?
True
Is 5413909 prime?
True
Is 9428603 a prime number?
True
Is 4331573 a prime number?
True
Is 61350337 prime?
True
Is 26518171 composite?
True
Is 10679917 composite?
True
Is 127863121 a composite number?
True
Is 22264733 prime?
False
Is 8005507 a composite number?
True
Is 23007 a prime number?
False
Is 8705111 composite?
False
Is 15063931 a prime number?
False
Is 626237 composite?
True
Is 9665339 a prime number?
True
Is 3026843 composite?
False
Is 107880485 a prime number?
False
Is 2654359 a prime number?
True
Is 17308103 a prime number?
True
Is 668342 prime?
False
Is 3126269 a prime number?
True
Is 1124411 a prime number?
False
Is 16870795 a composite number?
True
Is 3459751 prime?
True
Is 19093913 a prime number?
False
Is 2176913 a prime number?
False
Is 409758157 a composite number?
True
Is 37401289 a prime number?
False
Is 160027277 composite?
False
Is 87659503 a composite number?
False
Is 5301103 composite?
True
Is 430649 prime?
True
Is 8494715 a composite number?
True
Is 439063 composite?
False
Is 17868523 composite?
False
Is 5124741 a prime number?
False
Is 200917 a prime number?
False
Is 2883189 prime?
False
Is 15105819 a prime number?
False
Is 875923 prime?
True
Is 12395957 prime?
False
Is 102497 a composite number?
False
Is 1872109 composite?
False
Is 1168777 composite?
True
Is 15232499 a composite number?
True
Is 2286901 a composite number?
True
Is 16345783 prime?
False
Is 170964263 a prime number?
True
Is 12389381 composite?
True
Is 3676399 prime?
True
Is 150616577 a prime number?
True
Is 55515545 a prime number?
False
Is 5582193 a prime number?
False
Is 193995093 prime?
False
Is 545663 prime?
True
Is 105242453 prime?
False
Is 50785321 composite?
True
Is 14033057 composite?
False
Is 10649059 a composite number?
False
Is 375126833 prime?
True
Is 199097 composite?
True
Is 972221 composite?
False
Is 1445657 composite?
False
Is 135065717 composite?
False
Is 3982447 prime?
False
Is 12743879 composite?
False
Is 3381641 prime?
True
Is 1026757 composite?
False
Is 8444323 a prime number?
True
Is 20193863 composite?
False
Is 59785061 a prime number?
False
Is 76426529 a composite number?
True
Is 39006679 composite?
False
Is 10147279 composite?
False
Is 8355107 prime?
False
Is 12774145 prime?
False
Is 30639067 prime?
False
Is 17954119 prime?
True
Is 309433 a composite number?
False
Is 193389943 prime?
False
Is 1581157 composite?
False
Is 9297833 a composite number?
True
Is 161179 composite?
True
Is 172770853 composite?
True
Is 23781991 a composite number?
True
Is 308578729 prime?
True
Is 189837587 a prime number?
False
Is 2391209 a composite number?
True
Is 276197023 a composite number?
False
Is 80041111 a composite number?
True
Is 107576699 prime?
True
Is 1039343 prime?
True
Is 41894357 prime?
False
Is 519846521 a composite number?
False
Is 8735731 a composite number?
True
Is 8198303 a prime number?
True
Is 1226031 composite?
True
Is 231966127 composite?
True
Is 194037901 composite?
False
Is 13121474 a prime number?
False
Is 3460867 a prime number?
True
Is 6484351 a composite number?
False
Is 592091 prime?
False
Is 156582523 a prime number?
False
Is 48375583 a composite number?
False
Is 765535 a prime number?
False
Is 140093 a prime number?
False
Is 12606397 prime?
True
Is 3725135 prime?
False
Is 14921717 a composite number?
False
Is 50785811 composite?
False
Is 539453 prime?
False
Is 3083123 composite?
True
Is 23988299 composite?
False
Is 18983471 prime?
False
Is 10619159 prime?
True
Is 236101631 a prime number?
True
Is 13661785 prime?
False
Is 4964461 prime?
True
Is 74892043 prime?
True
Is 827961865 a prime number?
False
Is 98432611 a composite number?
False
Is 39418309 a prime number?
False
Is 74233 composite?
True
Is 1414404523 a composite number?
True
Is 155157239 composite?
False
Is 228510223 prime?
True
Is 1271951 composite?
True
Is 442701509 composite?
False
Is 422010391 composite?
True
Is 588766 a composite number?
True
Is 1733777 a composite number?
False
Is 201521141 a prime number?
True
Is 238619 prime?
False
Is 134107373 prime?
False
Is 54067417 prime?
False
Is 400363 a prime number?
False
Is 8367529 a composite number?
True
Is 3075659 composite?
True
Is 5943297 composite?
True
Is 4461539 composite?
False
Is 2178853 a composite number?
True
Is 14996791 composite?
True
Is 552638939 a composite number?
True
Is 18658217 prime?
False
Is 44683129 composite?
True
Is 77817039 a composite number?
True
Is 1110859 a composite number?
False
Is 141843371 a composite number?
True
Is 74283143 composite?
True
Is 18640779 a prime number?
False
Is 8007581 composite?
False
Is 476891 a composite number?
False
Is 386471 composite?
False
Is 1288643 a prime number?
True
Is 156007 a prime number?
True
Is 5009789 a prime number?
False
Is 2491757 a composite number?
False
Is 5433397 prime?
False
Is 2848303 a prime number?
False
Is 1049791 prime?
True
Is 8882465 a prime number?
False
Is 285486433 composite?
False
Is 1659971 a prime number?
True
Is 1356606899 a prime number?
True
Is 137394529 a prime number?
False
Is 36274187 composite?
False
Is 642049 prime?
True
Is 41740827 prime?
False
Is 6025583 prime?
True
Is 1092893 a composite number?
False
Is 299171 composite?
False
Is 1668869 composite?
False
Is 4656139 prime?
True
Is 12651251 composite?
False
Is 24258043 prime?
True
Is 57620203 composite?
False
Is 129177211 prime?
True
Is 601327819 prime?
True
Is 43802141 a prime number?
True
Is 66351779 prime?
False
Is 19534441 a composite number?
False
Is 22277219 a prime number?
False
Is 362105407 a prime number?
False
Is 16438007 composite?
True
Is 938969 prime?
True
Is 164618997 composite?
True
Is 5761781 prime?
False
Is 2340969 a prime number?
False
Is 68705107 composite?
False
Is 50639 a composite number?
True
Is 76857023 prime?
False
Is 2164111 a prime number?
True
Is 193760767 prime?
False
Is 302923127 a composite number?
True
Is 24982913 composite?
True
Is 227314153 composite?
True
Is 7492841 composite?
False
Is 14433343 prime?
False
Is 4633493 composite?
True
Is 3786583 composite?
True
Is 3620047 a prime number?
False
Is 3893889 a composite number?
True
Is 2905853 composite?
False
Is 246017059 a prime number?
False
Is 14196229 composite?
False
Is 280791011 composite?
Fa